(p) = -4*p**2 - 3*p + 4. Calculate h(-3).
-23
Let j(l) = -3*l**2 + 80*l - 38. Determine j(26).
14
Let s(u) = -2*u**2 + 12*u + 67. Give s(9).
13
Let y(s) = 12*s**2 + 96*s - 5. Determine y(-8).
-5
Let h(l) = 6*l + 54. Calculate h(-10).
-6
Let k(o) = 26*o - 1. Determine k(2).
51
Let n(y) = -6*y + 4. Give n(-3).
22
Let s(w) = 17*w + 80. What is s(-4)?
12
Let j(o) = -2*o - 1. What is j(4)?
-9
Let v(u) = 58*u**2 + 1. What is v(-1)?
59
Let t(c) = c**3 + 3*c**2 + 2*c + 1. Give t(-3).
-5
Let l(p) = 2*p**3 + 39*p**2 - 15*p + 103. Determine l(-20).
3
Let g(k) = -k**3 - k**2 - 8*k + 18. Determine g(2).
-10
Let z(t) = 2*t**2 - 44*t + 57. Calculate z(21).
15
Let j(n) = -n**3 + 12*n**2 - 8*n - 14. Give j(11).
19
Let i(v) = -10*v + 198. What is i(20)?
-2
Let o(g) = -g**3 + 6*g**2 - g - 7. Calculate o(6).
-13
Let l(u) = u**3 - 7*u**2 - 2*u + 11. Give l(8).
59
Let g(j) = -j**3 + 10*j**2 + 2*j - 17. Give g(10).
3
Let c(p) = -p**3 - 4*p**2 + 13*p + 11. Calculate c(-6).
5
Let w(k) = -2*k**3 + 4*k**2 + 8*k - 4. Calculate w(3).
2
Let d(j) = j**2 - 5*j + 13. Give d(6).
19
Let c(t) = -5*t**2 - 6*t + 2. Determine c(-2).
-6
Let b(a) = -4*a**3 + 2*a + 1. Determine b(-1).
3
Let a(o) = -o**2 + 13. Give a(-4).
-3
Let a(n) = 2*n + 42. What is a(-18)?
6
Let f(d) = 3*d + 38. Determine f(10).
68
Let g(q) = q**3 + 5*q**2 - 21*q - 34. What is g(-7)?
15
Let x(y) = 7*y + 18. What is x(-12)?
-66
Let i(k) = 26*k - 46. Determine i(2).
6
Let r(m) = m**3 - 15*m**2 + 16*m - 18. What is r(14)?
10
Let y(g) = -g**3 + 5*g**2 + 8*g - 5. Give y(5).
35
Let v(y) = -6*y - 6. What is v(-2)?
6
Let s(y) = -10*y + 31. Determine s(10).
-69
Let u(w) = w**3 + 12*w**2 + 35*w - 9. Give u(-7).
-9
Let c(p) = -46*p + 4. What is c(2)?
-88
Let j(z) = 16*z + 33. Determine j(-5).
-47
Let z(w) = -3*w**2 - 19*w + 9. Calculate z(-6).
15
Let g(n) = n**3 - 3*n**2 + n + 1. Calculate g(2).
-1
Let j(p) = p**3 + 20*p**2 - 2*p - 63. What is j(-20)?
-23
Let c(x) = -x**3 - 5*x**2 + 5*x - 1. What is c(-5)?
-26
Let i(m) = m**3 + 6*m**2 - 25*m + 27. Give i(-9).
9
Let l(k) = -2*k**3 + k**2 + k - 1. What is l(1)?
-1
Let n(w) = 2*w**3 - 17*w**2 - 6*w - 29. Calculate n(9).
-2
Let z(h) = -h**3 + 46*h**2 + 99*h - 148. What is z(48)?
-4
Let g(v) = -7*v**2 - 148*v - 23. What is g(-21)?
-2
Let p(z) = -15*z**3 - 3*z**2 + 31*z + 33. What is p(-1)?
14
Let h(d) = -d**2 + 32*d - 63. Calculate h(30).
-3
Let m(b) = -b**2 + 8*b + 115. Determine m(15).
10
Let l(u) = -u**2 - 25*u - 151. What is l(-11)?
3
Let f(v) = 2*v**2 - 24*v + 108. Calculate f(7).
38
Let q(w) = -w**3 - 21*w**2 + 27*w + 113. Determine q(-22).
3
Let n(g) = 3*g + 2. Give n(-1).
-1
Let a(x) = 2*x**2 - 13*x - 11. Give a(9).
34
Let v(s) = -s**2 - 8*s + 32. Determine v(-12).
-16
Let w(m) = -2*m**3 - 10*m**2 + 13*m + 5. Calculate w(-6).
-1
Let a(p) = -p**3 - 10*p**2 + 8*p - 7. Determine a(-6).
-199
Let k(y) = 11*y. Determine k(2).
22
Let n(i) = 6*i + 33. What is n(-8)?
-15
Let b(j) = 2*j**2 + j + 38. Calculate b(0).
38
Let c(n) = n**2 - 13*n - 12. What is c(13)?
-12
Let a(t) = 2*t**3 + 2*t**2 + 2*t + 1. Determine a(-1).
-1
Let v(m) = -m**3 - 5*m**2 + 6. Calculate v(-3).
-12
Let d(v) = v**2 + 13*v - 6. What is d(-16)?
42
Let c(f) = -f**2 - 7*f - 3. Give c(-5).
7
Let f(o) = -o - 19. Determine f(0).
-19
Let h(a) = -51*a**3 + 2*a**2 + 4*a + 1. Calculate h(-1).
50
Let f(h) = 2*h**3 - 9*h**2 + 7*h - 10. Determine f(4).
2
Let q(f) = f**3 + 6*f**2 + 14*f + 22. Give q(-3).
7
Let m(n) = -4*n - 48. Calculate m(17).
-116
Let y(r) = r**3 - 13*r**2 - 32*r + 34. Determine y(15).
4
Let u(j) = -7*j + 17. Determine u(3).
-4
Let y(d) = -d**2 - 10*d - 1. Calculate y(-10).
-1
Let k(m) = m + 31. Determine k(-10).
21
Let v(p) = 5*p - 18. What is v(14)?
52
Let f(p) = -4*p + 23. What is f(6)?
-1
Let l(y) = -14*y - 132. Calculate l(-13).
50
Let x(d) = 9*d + 10. Determine x(6).
64
Let z(q) = 7*q - 7. Determine z(-5).
-42
Let h(n) = 8*n**2 + 3*n - 22. What is h(-2)?
4
Let j(c) = -13*c + 84. Give j(7).
-7
Let f(y) = y**3 + 15. Determine f(0).
15
Let r(v) = -v**2 + 11*v - 2. What is r(0)?
-2
Let t(y) = -y**2 + 7*y + 7. Determine t(-4).
-37
Let v(y) = y**2 - 17*y + 34. Calculate v(15).
4
Let i(w) = 5*w - 420. What is i(83)?
-5
Let f(v) = -v**3 + 10*v**2 + 2*v - 22. Give f(10).
-2
Let i(l) = l**3 + 5*l**2 - 1. Give i(-4).
15
Let h(a) = -a**2 - 2*a + 4. Calculate h(7).
-59
Let q(d) = -3*d - 12. Determine q(-4).
0
Let b(p) = 37*p**2. Calculate b(-1).
37
Let d(t) = -t**3 - 26*t**2 + 6*t + 24. What is d(-26)?
-132
Let o(b) = b**2 - 20*b + 20. Calculate o(20).
20
Let h(z) = 3*z. Determine h(-6).
-18
Let z(k) = -k**3 - 5*k**2 + 7*k - 7. What is z(-6)?
-13
Let i(l) = -l**3 + 4*l - 1. Calculate i(-3).
14
Let r(o) = -o**3 + 7*o**2 + 80*o + 12. Calculate r(-6).
0
Let t(g) = g**2 - 7*g - 15. Give t(-9).
129
Let c(f) = f**3 - 9*f**2 + 8*f - 21. What is c(8)?
-21
Let h(s) = 3*s - 4. Calculate h(7).
17
Let j(x) = -3*x + 7. What is j(-3)?
16
Let q(l) = l**3 - 10*l**2 - 16*l + 4. Give q(11).
-51
Let g(c) = 12*c + 43. What is g(-4)?
-5
Let n(g) = g - 18. What is n(12)?
-6
Let r(x) = -x**2 + 13*x + 16. Give r(15).
-14
Let w(a) = a + 18. Give w(14).
32
Let o(u) = u - 4. What is o(5)?
1
Let l(d) = d**3 - 7*d**2 - 18*d + 12. Determine l(9).
12
Let a(o) = 2*o**3 - 20*o**2 - 26*o + 11. What is a(11)?
-33
Let z(f) = -87*f + 1. Give z(-1).
88
Let o(t) = t**3 - 12*t**2 + t - 8. Give o(12).
4
Let x(y) = -y**2 - 11*y + 16. What is x(-12)?
4
Let f(w) = 3*w + 4. Calculate f(-2).
-2
Let v(b) = -b**2 - 3*b + 15. Determine v(8).
-73
Let f(d) = -d**3 - 10*d + 20. What is f(3)?
-37
Let g(v) = -v**3 + 7*v**2 + 4*v + 3. Give g(8).
-29
Let r(j) = j**3 + 4*j**2 - 6*j - 8. What is r(-5)?
-3
Let m(d) = -d**3 - 6*d**2 + 6*d - 1. Determine m(-7).
6
Let r(t) = -4*t - 48. What is r(-11)?
-4
Let n(o) = 3*o - 14. Calculate n(7).
7
Let b(g) = 3*g + 6. Calculate b(-6).
-12
Let x(q) = -q**3 + 9*q**2 + q - 6. Calculate x(9).
3
Let s(x) = 9*x + 1. Determine s(-1).
-8
Let y(b) = -2*b + 8. What is y(4)?
0
Let a(q) = q**2 - 6*q - 19. What is a(10)?
21
Let s(d) = -d**3 - 2*d**2 - 4*d - 3. Calculate s(-1).
0
Let r(g) = 3*g**2 + 14*g + 23. Determine r(-3).
8
Let f(j) = -2*j**2 + 24*j - 24. Give f(11).
-2
Let s(b) = b**2 - b - 6. What is s(4)?
6
Let a(u) = 22*u - 116. Determine a(5).
-6
Let n(f) = 10*f**3 - f**2 - 3*f + 3. Determine n(1).
9
Let z(v) = 37*v + 16. Give z(2).
90
Let a(g) = -33*g + 694. What is a(21)?
1
Let q(a) = -2*a**3 + 11*a**2 + 11*a - 46. Give q(6).
-16
Let p(n) = -n**2 + 14*n - 35. Calculate p(10).
5
Let a(x) = 2*x**2 - 34*x + 30. Calculate a(15).
-30
Let s(h) = -23*h + 6. Calculate s(2).
-40
Let y(q) = -6*q**2 - 2*q - 1. Determine y(-2).
-21
Let w(n) = 2*n**2 + 12*n - 60. Determine w(-8).
-28
Let z(a) = 26*a - 184. Determine z(7).
-2
Let l(j) = -j**3 - 2*j**2 + 3*j - 3. Calculate l(2).
-13
Let g(s) = s**2 - 5*s + 7. Determine g(-5).
57
Let z(n) = -n**2 - 27*n - 82. What is z(-23)?
10
Let v(p) = -p**2 + 6*p - 3. Determine v(6).
-3
Let v(b) = -28*b + 23. Calculate v(-5).
163
Let y(j) = -j**2 + 9*j - 14. Determine y(3).
4
Let p(l) = 11*l - 66. Give p(6).
0
Let w(q) = q**2 + 27*q + 75. Determine w(-21).
-51
Let a(v) = 49*v - 180. Calculate a(4).
16
Let f(b) = -b**2 - 13*b - 13. What is f(-10)?
17
Let c(q) = -13*q**2 + q. Determine c(1).
-12
Let l(z) = -6*z**3 - 3*z**2 + 3*z. Calculate l(1).
-6
Let l(t) = -3*t - 21. Calculate l(-9).
6
Let u(y) = -13*y + 4. What is u(0)?
4
Let f(x) = x**2 - 7*x - 18. What is f(9)?
0
Let g(k) = 4*k**2 - 34*k + 32. Calculate g(7).
-10
Let q(u) = 38*u + 230. Give q(-6).
2
Let n(k) = k**3 - 5*k**2 - 4*k - 4. What is n(6)?
8
Let u(j) = -j**2 - 5*j + 65. Determine u(-10).
15
Let m(x) = -9*x - 209. Calculate m(-24).
7
Let t(x) = -5*x + 13. What is t(4)?
-7
Let d(i) = -i + 20. Determine d(-17).
37
Let j(w) = w**2 + 7*w - 6. Give j(-4).
-18
Let m(b) = b**2 + 5*b + 5. What is m(-7)?
19
Let h(y) = -2*y**2 - 13*y - 30. Calculate h(-6).
-24
Let o(q) = -q**2 - q + 7. Give o(-7).
-35
Let s(f) = -f**2 + 8*f + 4. Determine s(9).
-5
Let j(c) = 3*c**2 + 4*c + 2. Determine j(-4).
34
Let j(t) = -t**2 + 7*t + 19. Give j(10).
-11
Let u(w) = -w**3 - 4*w**2 - 5*w + 4. Determine u(-4).
24
Let b(p) = 7*p - 11. Calculate b(1).
-4
Let g(w) = w**3 - 10*w**2 - 3*w + 9. What is g(10)?
-21
Let k(g) = g**2 - 3*g + 1. Give k(3).
1
Let o(x) = x**3 - 6*x*